{"id":8,"date":"2024-11-13T20:43:58","date_gmt":"2024-11-13T20:43:58","guid":{"rendered":"https:\/\/rede-esmar.gal\/comunicacion\/"},"modified":"2025-10-21T18:35:16","modified_gmt":"2025-10-21T17:35:16","slug":"comunicacion","status":"publish","type":"page","link":"https:\/\/rede-esmar.gal\/es\/comunicacion\/","title":{"rendered":""},"content":{"rendered":"<div class=\"osomblocks-cptlist alignwide\" ><article class=\"entry\"><a href=\"https:\/\/rede-esmar.gal\/es\/jealsa-amplia-a-sua-concesion-no-porto-de-bodion-ata-2067-e-comprometese-con-8-millons-en-investimento\/\"><\/a><div><header><h2><a href=\"https:\/\/rede-esmar.gal\/es\/jealsa-amplia-a-sua-concesion-no-porto-de-bodion-ata-2067-e-comprometese-con-8-millons-en-investimento\/\">Jealsa ampl\u00eda su concesi\u00f3n en el puerto de Bodi\u00f3n hasta 2067 y compromete 8 millones en inversi\u00f3n<\/a><\/h2><\/header><p>Jealsa Corporaci\u00f3n, una de las empresas conserveras de referencia de Galicia y Espa\u00f1a, recibi\u00f3 en noviembre de 2025 la ampliaci\u00f3n excepcional de su concesi\u00f3n en el puerto de Bodi\u00f3n (Boiro, A Coru\u00f1a) hasta junio de 2067, otorgada por Portos de Galicia. Esta semana, la conselleira do Mar, Marta Villaverde, visit\u00f3 sus instalaciones para conocer los planes de expansi\u00f3n de la compa\u00f1\u00eda. La concesi\u00f3n est\u00e1 vinculada a un compromiso de inversi\u00f3n de 8 millones de euros destinado a la modernizaci\u00f3n de las instalaciones, la mejora energ\u00e9tica, la construcci\u00f3n de una nueva nave y la reconstrucci\u00f3n de una instalaci\u00f3n industrial.<\/p><a class=\"more-link\" href=\"https:\/\/rede-esmar.gal\/es\/jealsa-amplia-a-sua-concesion-no-porto-de-bodion-ata-2067-e-comprometese-con-8-millons-en-investimento\/\">Saber m\u00e1s<\/a><\/div><\/article><article class=\"entry\"><a href=\"https:\/\/rede-esmar.gal\/es\/a-xunta-apoia-as-mariscadoras-do-anllons-cun-convenio-de-60-000-e-tras-os-danos-dos-temporais\/\"><\/a><div><header><h2><a href=\"https:\/\/rede-esmar.gal\/es\/a-xunta-apoia-as-mariscadoras-do-anllons-cun-convenio-de-60-000-e-tras-os-danos-dos-temporais\/\">La Xunta apoya a las mariscadoras del Anll\u00f3ns con un convenio de 60.000 \u20ac tras los da\u00f1os de los temporales<\/a><\/h2><\/header><p>La Conseller\u00eda do Mar mantiene con la Agrupaci\u00f3n de Mariscadoras do R\u00edo Anll\u00f3ns (Cabana de Berganti\u00f1os, A Coru\u00f1a) un convenio de 60.254,80 euros, cofinanciado por el FEMPA, para regenerar 118.254 metros cuadrados de zonas productivas afectadas por las intensas borrascas de principios de 2026. La actividad extractiva en la zona permanece suspendida desde finales de febrero para permitir la recuperaci\u00f3n de los recursos de berberecho y almeja. Las actuaciones incluyen remoci\u00f3n del sustrato, retirada de basura marina y macroalgas, traslados de bivalvos entre bancos y control de depredadores.<\/p><a class=\"more-link\" href=\"https:\/\/rede-esmar.gal\/es\/a-xunta-apoia-as-mariscadoras-do-anllons-cun-convenio-de-60-000-e-tras-os-danos-dos-temporais\/\">Saber m\u00e1s<\/a><\/div><\/article><article class=\"entry\"><a href=\"https:\/\/rede-esmar.gal\/es\/o-cima-distribue-mais-de-404-700-unidades-de-semente-de-bivalvos-a-confrarias-de-toda-galicia\/\"><\/a><div><header><h2><a href=\"https:\/\/rede-esmar.gal\/es\/o-cima-distribue-mais-de-404-700-unidades-de-semente-de-bivalvos-a-confrarias-de-toda-galicia\/\">El CIMA distribuye m\u00e1s de 404.700 unidades de semilla de bivalvos a cofrad\u00edas de toda Galicia<\/a><\/h2><\/header><p>El Centro de Investigaci\u00f3ns Mari\u00f1as de Galicia (CIMA) distribuy\u00f3 a lo largo de agosto un total de 404.700 unidades de semilla de bivalvos (almeja japonesa, ostra plana, almeja babosa y erizo) a las cofrad\u00edas de Barallobre (123.000 uds.), Arcade (103.000 uds. ostra plana), Vilaxo\u00e1n (82.700 uds.), Illa de Arousa (81.000 uds.), A Coru\u00f1a (15.000 uds.) y a ARESMAR (3.000 uds. erizo)<\/p><a class=\"more-link\" href=\"https:\/\/rede-esmar.gal\/es\/o-cima-distribue-mais-de-404-700-unidades-de-semente-de-bivalvos-a-confrarias-de-toda-galicia\/\">Saber m\u00e1s<\/a><\/div><\/article><\/div><div class=\"osom-pagination\"><span aria-current=\"page\" class=\"page-numbers current\">1<\/span>\n<a class=\"page-numbers\" href=\"https:\/\/rede-esmar.gal\/es\/wp-json\/wp\/v2\/pages\/8\/page\/2\/\">2<\/a>\n<span class=\"page-numbers dots\">&hellip;<\/span>\n<a class=\"page-numbers\" href=\"https:\/\/rede-esmar.gal\/es\/wp-json\/wp\/v2\/pages\/8\/page\/113\/\">113<\/a>\n<a class=\"page-numbers\" href=\"https:\/\/rede-esmar.gal\/es\/wp-json\/wp\/v2\/pages\/8\/page\/114\/\">114<\/a>\n<a class=\"next page-numbers\" href=\"https:\/\/rede-esmar.gal\/es\/wp-json\/wp\/v2\/pages\/8\/page\/2\/\">Entradas siguientes &raquo; <i><\/i><\/a><\/div>\n\n\n\n\n<p class=\"wp-block-paragraph\"><\/p>","protected":false},"excerpt":{"rendered":"","protected":false},"author":1,"featured_media":0,"parent":0,"menu_order":0,"comment_status":"closed","ping_status":"closed","template":"","meta":{"_acf_changed":false,"saved_in_kubio":true,"content-type":"","osom_blocks_metabox":"","_monsterinsights_skip_tracking":false,"_price":"","_stock":"","_tribe_ticket_header":"","_tribe_default_ticket_provider":"","_tribe_ticket_capacity":"0","_ticket_start_date":"","_ticket_end_date":"","_tribe_ticket_show_description":"","_tribe_ticket_show_not_going":false,"_tribe_ticket_use_global_stock":"","_tribe_ticket_global_stock_level":"","_global_stock_mode":"","_global_stock_cap":"","_tribe_rsvp_for_event":"","_tribe_ticket_going_count":"","_tribe_ticket_not_going_count":"","_tribe_tickets_list":"[]","_tribe_ticket_has_attendee_info_fields":false,"_EventAllDay":false,"_EventTimezone":"","_EventStartDate":"","_EventEndDate":"","_EventStartDateUTC":"","_EventEndDateUTC":"","_EventShowMap":false,"_EventShowMapLink":false,"_EventURL":"","_EventCost":"","_EventCostDescription":"","_EventCurrencySymbol":"","_EventCurrencyCode":"","_EventCurrencyPosition":"","_EventDateTimeSeparator":"","_EventTimeRangeSeparator":"","_EventOrganizerID":[],"_EventVenueID":[],"_OrganizerEmail":"","_OrganizerPhone":"","_OrganizerWebsite":"","_VenueAddress":"","_VenueCity":"","_VenueCountry":"","_VenueProvince":"","_VenueState":"","_VenueZip":"","_VenuePhone":"","_VenueURL":"","_VenueStateProvince":"","_VenueLat":"","_VenueLng":"","_VenueShowMap":false,"_VenueShowMapLink":false,"footnotes":"","_tec_slr_enabled":"","_tec_slr_layout":""},"class_list":["post-8","page","type-page","status-publish","hentry"],"acf":[],"kubio_ai_page_context":{"short_desc":"","purpose":"general"},"yoast_head":"<!-- This site is optimized with the Yoast SEO plugin v28.3 - https:\/\/yoast.com\/product\/yoast-seo-wordpress\/ -->\n<title>- ES\u00b7MAR<\/title>\n<meta name=\"robots\" content=\"index, follow, max-snippet:-1, max-image-preview:large, max-video-preview:-1\" \/>\n<link rel=\"canonical\" href=\"https:\/\/rede-esmar.gal\/es\/comunicacion\/\" \/>\n<meta property=\"og:locale\" content=\"es_ES\" \/>\n<meta property=\"og:type\" content=\"article\" \/>\n<meta property=\"og:title\" content=\"- ES\u00b7MAR\" \/>\n<meta property=\"og:url\" content=\"https:\/\/rede-esmar.gal\/es\/comunicacion\/\" \/>\n<meta property=\"og:site_name\" content=\"ES\u00b7MAR\" \/>\n<meta property=\"article:modified_time\" content=\"2025-10-21T17:35:16+00:00\" \/>\n<meta name=\"twitter:card\" content=\"summary_large_image\" \/>\n<script type=\"application\/ld+json\" class=\"yoast-schema-graph\">{\"@context\":\"https:\\\/\\\/schema.org\",\"@graph\":[{\"@type\":\"WebPage\",\"@id\":\"https:\\\/\\\/rede-esmar.gal\\\/comunicacion\\\/\",\"url\":\"https:\\\/\\\/rede-esmar.gal\\\/comunicacion\\\/\",\"name\":\"- ES\u00b7MAR\",\"isPartOf\":{\"@id\":\"https:\\\/\\\/rede-esmar.gal\\\/#website\"},\"datePublished\":\"2024-11-13T20:43:58+00:00\",\"dateModified\":\"2025-10-21T17:35:16+00:00\",\"inLanguage\":\"es\",\"potentialAction\":[{\"@type\":\"ReadAction\",\"target\":[\"https:\\\/\\\/rede-esmar.gal\\\/comunicacion\\\/\"]}]},{\"@type\":\"WebSite\",\"@id\":\"https:\\\/\\\/rede-esmar.gal\\\/#website\",\"url\":\"https:\\\/\\\/rede-esmar.gal\\\/\",\"name\":\"ES\u00b7MAR\",\"description\":\"\",\"publisher\":{\"@id\":\"https:\\\/\\\/rede-esmar.gal\\\/#organization\"},\"potentialAction\":[{\"@type\":\"SearchAction\",\"target\":{\"@type\":\"EntryPoint\",\"urlTemplate\":\"https:\\\/\\\/rede-esmar.gal\\\/?s={search_term_string}\"},\"query-input\":{\"@type\":\"PropertyValueSpecification\",\"valueRequired\":true,\"valueName\":\"search_term_string\"}}],\"inLanguage\":\"es\"},{\"@type\":\"Organization\",\"@id\":\"https:\\\/\\\/rede-esmar.gal\\\/#organization\",\"name\":\"ES\u00b7MAR\",\"url\":\"https:\\\/\\\/rede-esmar.gal\\\/\",\"logo\":{\"@type\":\"ImageObject\",\"inLanguage\":\"es\",\"@id\":\"https:\\\/\\\/rede-esmar.gal\\\/#\\\/schema\\\/logo\\\/image\\\/\",\"url\":\"https:\\\/\\\/rede-esmar.gal\\\/wp-content\\\/uploads\\\/2025\\\/01\\\/logo-web-blanco-1.png\",\"contentUrl\":\"https:\\\/\\\/rede-esmar.gal\\\/wp-content\\\/uploads\\\/2025\\\/01\\\/logo-web-blanco-1.png\",\"width\":300,\"height\":99,\"caption\":\"ES\u00b7MAR\"},\"image\":{\"@id\":\"https:\\\/\\\/rede-esmar.gal\\\/#\\\/schema\\\/logo\\\/image\\\/\"}}]}<\/script>\n<!-- \/ Yoast SEO plugin. -->","yoast_head_json":{"title":"- ES\u00b7MAR","robots":{"index":"index","follow":"follow","max-snippet":"max-snippet:-1","max-image-preview":"max-image-preview:large","max-video-preview":"max-video-preview:-1"},"canonical":"https:\/\/rede-esmar.gal\/es\/comunicacion\/","og_locale":"es_ES","og_type":"article","og_title":"- ES\u00b7MAR","og_url":"https:\/\/rede-esmar.gal\/es\/comunicacion\/","og_site_name":"ES\u00b7MAR","article_modified_time":"2025-10-21T17:35:16+00:00","twitter_card":"summary_large_image","schema":{"@context":"https:\/\/schema.org","@graph":[{"@type":"WebPage","@id":"https:\/\/rede-esmar.gal\/comunicacion\/","url":"https:\/\/rede-esmar.gal\/comunicacion\/","name":"- ES\u00b7MAR","isPartOf":{"@id":"https:\/\/rede-esmar.gal\/#website"},"datePublished":"2024-11-13T20:43:58+00:00","dateModified":"2025-10-21T17:35:16+00:00","inLanguage":"es","potentialAction":[{"@type":"ReadAction","target":["https:\/\/rede-esmar.gal\/comunicacion\/"]}]},{"@type":"WebSite","@id":"https:\/\/rede-esmar.gal\/#website","url":"https:\/\/rede-esmar.gal\/","name":"ES\u00b7MAR","description":"","publisher":{"@id":"https:\/\/rede-esmar.gal\/#organization"},"potentialAction":[{"@type":"SearchAction","target":{"@type":"EntryPoint","urlTemplate":"https:\/\/rede-esmar.gal\/?s={search_term_string}"},"query-input":{"@type":"PropertyValueSpecification","valueRequired":true,"valueName":"search_term_string"}}],"inLanguage":"es"},{"@type":"Organization","@id":"https:\/\/rede-esmar.gal\/#organization","name":"ES\u00b7MAR","url":"https:\/\/rede-esmar.gal\/","logo":{"@type":"ImageObject","inLanguage":"es","@id":"https:\/\/rede-esmar.gal\/#\/schema\/logo\/image\/","url":"https:\/\/rede-esmar.gal\/wp-content\/uploads\/2025\/01\/logo-web-blanco-1.png","contentUrl":"https:\/\/rede-esmar.gal\/wp-content\/uploads\/2025\/01\/logo-web-blanco-1.png","width":300,"height":99,"caption":"ES\u00b7MAR"},"image":{"@id":"https:\/\/rede-esmar.gal\/#\/schema\/logo\/image\/"}}]}},"jetpack_sharing_enabled":true,"ticketed":false,"_links":{"self":[{"href":"https:\/\/rede-esmar.gal\/es\/wp-json\/wp\/v2\/pages\/8","targetHints":{"allow":["GET"]}}],"collection":[{"href":"https:\/\/rede-esmar.gal\/es\/wp-json\/wp\/v2\/pages"}],"about":[{"href":"https:\/\/rede-esmar.gal\/es\/wp-json\/wp\/v2\/types\/page"}],"author":[{"embeddable":true,"href":"https:\/\/rede-esmar.gal\/es\/wp-json\/wp\/v2\/users\/1"}],"replies":[{"embeddable":true,"href":"https:\/\/rede-esmar.gal\/es\/wp-json\/wp\/v2\/comments?post=8"}],"version-history":[{"count":39,"href":"https:\/\/rede-esmar.gal\/es\/wp-json\/wp\/v2\/pages\/8\/revisions"}],"predecessor-version":[{"id":14625,"href":"https:\/\/rede-esmar.gal\/es\/wp-json\/wp\/v2\/pages\/8\/revisions\/14625"}],"wp:attachment":[{"href":"https:\/\/rede-esmar.gal\/es\/wp-json\/wp\/v2\/media?parent=8"}],"curies":[{"name":"wp","href":"https:\/\/api.w.org\/{rel}","templated":true}]}}

<div class="osomblocks-cptlist alignwide" ><article class="entry"><a href="https://rede-esmar.gal/es/jealsa-amplia-a-sua-concesion-no-porto-de-bodion-ata-2067-e-comprometese-con-8-millons-en-investimento/"></a><div><header><h2><a href="https://rede-esmar.gal/es/jealsa-amplia-a-sua-concesion-no-porto-de-bodion-ata-2067-e-comprometese-con-8-millons-en-investimento/">Jealsa amplía su concesión en el puerto de Bodión hasta 2067 y compromete 8 millones en inversión</a></h2></header><p>Jealsa Corporación, una de las empresas conserveras de referencia de Galicia y España, recibió en noviembre de 2025 la ampliación excepcional de su concesión en el puerto de Bodión (Boiro, A Coruña) hasta junio de 2067, otorgada por Portos de Galicia. Esta semana, la conselleira do Mar, Marta Villaverde, visitó sus instalaciones para conocer los planes de expansión de la compañía. La concesión está vinculada a un compromiso de inversión de 8 millones de euros destinado a la modernización de las instalaciones, la mejora energética, la construcción de una nueva nave y la reconstrucción de una instalación industrial.</p><a class="more-link" href="https://rede-esmar.gal/es/jealsa-amplia-a-sua-concesion-no-porto-de-bodion-ata-2067-e-comprometese-con-8-millons-en-investimento/">Saber más</a></div></article><article class="entry"><a href="https://rede-esmar.gal/es/a-xunta-apoia-as-mariscadoras-do-anllons-cun-convenio-de-60-000-e-tras-os-danos-dos-temporais/"></a><div><header><h2><a href="https://rede-esmar.gal/es/a-xunta-apoia-as-mariscadoras-do-anllons-cun-convenio-de-60-000-e-tras-os-danos-dos-temporais/">La Xunta apoya a las mariscadoras del Anllóns con un convenio de 60.000 € tras los daños de los temporales</a></h2></header><p>La Consellería do Mar mantiene con la Agrupación de Mariscadoras do Río Anllóns (Cabana de Bergantiños, A Coruña) un convenio de 60.254,80 euros, cofinanciado por el FEMPA, para regenerar 118.254 metros cuadrados de zonas productivas afectadas por las intensas borrascas de principios de 2026. La actividad extractiva en la zona permanece suspendida desde finales de febrero para permitir la recuperación de los recursos de berberecho y almeja. Las actuaciones incluyen remoción del sustrato, retirada de basura marina y macroalgas, traslados de bivalvos entre bancos y control de depredadores.</p><a class="more-link" href="https://rede-esmar.gal/es/a-xunta-apoia-as-mariscadoras-do-anllons-cun-convenio-de-60-000-e-tras-os-danos-dos-temporais/">Saber más</a></div></article><article class="entry"><a href="https://rede-esmar.gal/es/o-cima-distribue-mais-de-404-700-unidades-de-semente-de-bivalvos-a-confrarias-de-toda-galicia/"></a><div><header><h2><a href="https://rede-esmar.gal/es/o-cima-distribue-mais-de-404-700-unidades-de-semente-de-bivalvos-a-confrarias-de-toda-galicia/">El CIMA distribuye más de 404.700 unidades de semilla de bivalvos a cofradías de toda Galicia</a></h2></header><p>El Centro de Investigacións Mariñas de Galicia (CIMA) distribuyó a lo largo de agosto un total de 404.700 unidades de semilla de bivalvos (almeja japonesa, ostra plana, almeja babosa y erizo) a las cofradías de Barallobre (123.000 uds.), Arcade (103.000 uds. ostra plana), Vilaxoán (82.700 uds.), Illa de Arousa (81.000 uds.), A Coruña (15.000 uds.) y a ARESMAR (3.000 uds. erizo)</p><a class="more-link" href="https://rede-esmar.gal/es/o-cima-distribue-mais-de-404-700-unidades-de-semente-de-bivalvos-a-confrarias-de-toda-galicia/">Saber más</a></div></article></div><div class="osom-pagination"><span aria-current="page" class="page-numbers current">1</span>
<a class="page-numbers" href="https://rede-esmar.gal/es/wp-json/wp/v2/pages/8/page/2/">2</a>
<span class="page-numbers dots">&hellip;</span>
<a class="page-numbers" href="https://rede-esmar.gal/es/wp-json/wp/v2/pages/8/page/113/">113</a>
<a class="page-numbers" href="https://rede-esmar.gal/es/wp-json/wp/v2/pages/8/page/114/">114</a>
<a class="next page-numbers" href="https://rede-esmar.gal/es/wp-json/wp/v2/pages/8/page/2/">Entradas siguientes &raquo; <i></i></a></div>




<p class="wp-block-paragraph"></p>
